rs of 62083?
7, 181
What are the prime factors of 352?
2, 11
List the prime factors of 6077.
59, 103
List the prime factors of 4340.
2, 5, 7, 31
List the prime factors of 1153.
1153
What are the prime factors of 9090?
2, 3, 5, 101
What are the prime factors of 8417?
19, 443
List the prime factors of 70036.
2, 17509
What are the prime factors of 13616?
2, 23, 37
List the prime factors of 112646.
2, 151, 373
List the prime factors of 13493.
103, 131
List the prime factors of 2536.
2, 317
What are the prime factors of 13008?
2, 3, 271
List the prime factors of 1985.
5, 397
List the prime factors of 7728.
2, 3, 7, 23
What are the prime factors of 4447?
4447
List the prime factors of 5693.
5693
List the prime factors of 41414.
2, 20707
What are the prime factors of 6578?
2, 11, 13, 23
List the prime factors of 3126.
2, 3, 521
List the prime factors of 9509.
37, 257
What are the prime factors of 33?
3, 11
What are the prime factors of 13150?
2, 5, 263
List the prime factors of 1989.
3, 13, 17
List the prime factors of 4354.
2, 7, 311
What are the prime factors of 27321?
3, 7, 1301
List the prime factors of 30891.
3, 7, 1471
What are the prime factors of 11645?
5, 17, 137
List the prime factors of 27898.
2, 13, 29, 37
What are the prime factors of 64?
2
What are the prime factors of 5485?
5, 1097
What are the prime factors of 99467?
17, 5851
List the prime factors of 1665.
3, 5, 37
What are the prime factors of 7816?
2, 977
List the prime factors of 12801.
3, 17, 251
List the prime factors of 12209.
29, 421
List the prime factors of 34026.
2, 3, 53, 107
What are the prime factors of 48822?
2, 3, 79, 103
List the prime factors of 27736.
2, 3467
List the prime factors of 6512.
2, 11, 37
List the prime factors of 7346.
2, 3673
List the prime factors of 77402.
2, 13, 229
What are the prime factors of 16439?
17, 967
What are the prime factors of 473?
11, 43
List the prime factors of 13216.
2, 7, 59
List the prime factors of 8725.
5, 349
List the prime factors of 5243.
7, 107
List the prime factors of 634.
2, 317
What are the prime factors of 89867?
89867
What are the prime factors of 412?
2, 103
What are the prime factors of 12178?
2, 6089
List the prime factors of 43606.
2, 21803
List the prime factors of 772.
2, 193
What are the prime factors of 3432?
2, 3, 11, 13
List the prime factors of 851.
23, 37
What are the prime factors of 67187?
67187
List the prime factors of 97869.
3, 17, 19, 101
List the prime factors of 39417.
3, 7, 1877
What are the prime factors of 52338?
2, 3, 11, 13, 61
What are the prime factors of 1039?
1039
List the prime factors of 6334.
2, 3167
List the prime factors of 33118.
2, 29, 571
List the prime factors of 142997.
151, 947
List the prime factors of 81638.
2, 40819
What are the prime factors of 68?
2, 17
What are the prime factors of 1568?
2, 7
What are the prime factors of 126137?
11, 11467
List the prime factors of 7642.
2, 3821
List the prime factors of 1686.
2, 3, 281
What are the prime factors of 24559?
41, 599
What are the prime factors of 43221?
3, 14407
List the prime factors of 2364.
2, 3, 197
List the prime factors of 1129.
1129
What are the prime factors of 873?
3, 97
List the prime factors of 5104.
2, 11, 29
What are the prime factors of 28991?
53, 547
List the prime factors of 5436.
2, 3, 151
List the prime factors of 75.
3, 5
What are the prime factors of 3285?
3, 5, 73
List the prime factors of 52.
2, 13
List the prime factors of 117350.
2, 5, 2347
What are the prime factors of 14143?
14143
List the prime factors of 2289.
3, 7, 109
What are the prime factors of 19523?
7, 2789
List the prime factors of 805.
5, 7, 23
What are the prime factors of 16650?
2, 3, 5, 37
List the prime factors of 85439.
85439
What are the prime factors of 48251?
7, 61, 113
List the prime factors of 1143.
3, 127
List the prime factors of 2360.
2, 5, 59
What are the prime factors of 79121?
7, 89, 127
What are the prime factors of 97?
97
List the prime factors of 5991.
3, 1997
What are the prime factors of 12349?
53, 233
What are the prime factors of 51406?
2, 25703
What are the prime factors of 1232?
2, 7, 11
List the prime factors of 17190.
2, 3, 5, 191
List the prime factors of 55657.
7, 7951
List the prime factors of 1300.
2, 5, 13
What are the prime factors of 1071?
3, 7, 17
What are the prime factors of 49016?
2, 11, 557
What are the prime factors of 59766?
2, 3, 7, 1423
List the prime factors of 1961.
37, 53
What are the prime factors of 5322?
2, 3, 887
What are the prime factors of 1002?
2, 3, 167
What are the prime factors of 67402?
2, 67, 503
What are the prime factors of 4936?
2, 617
What are the prime factors of 109857?
3, 11, 3329
List the prime factors of 5140.
2, 5, 257
List the prime factors of 10824.
2, 3, 11, 41
What are the prime factors of 25200?
2, 3, 5, 7
List the prime factors of 5401.
11, 491
What are the prime factors of 1313?
13, 101
What are the prime factors of 306?
2, 3, 17
List the prime factors of 764.
2, 191
What are the prime factors of 78827?
7, 11261
What are the prime factors of 309?
3, 103
What are the prime factors of 8046?
2, 3, 149
What are the prime factors of 71415?
3, 5, 23
What are the prime factors of 46748?
2, 13, 29, 31
What are the prime factors of 6610?
2, 5, 661
List the prime factors of 406.
2, 7, 29
What are the prime factors of 6998?
2, 3499
List the prime factors of 49189.
7, 7027
What are the prime factors of 31122?
2, 3, 7, 13, 19
What are the prime factors of 33552?
2, 3, 233
What are the prime factors of 8855?
5, 7, 11, 23
List the prime factors of 3542.
2, 7, 11, 23
List the prime factors of 196.
2, 7
What are the prime factors of 415?
5, 83
What are the prime factors of 87192?
2, 3, 7, 173
What are the prime factors of 1183?
7, 13
What are the prime factors of 10386?
2, 3, 577
List the prime factors of 57128.
2, 37, 193
List the prime factors of 24389.
29
What are the prime factors of 8942?
2, 17, 263
List the prime factors of 3285.
3, 5, 73
What are the prime factors of 50112?
2, 3, 29
What are the prime factors of 13217?
13217
List the prime factors of 8515.
5, 13, 131
List the prime factors of 24941.
7, 509
What are the prime factors of 97317?
3, 11, 983
What are the prime factors of 1224?
2, 3, 17
List the prime factors of 23843.
113, 211
List the prime factors of 34414.
2, 17207
List the prime factors of 557.
557
List the prime factors of 28644.
2, 3, 7, 11, 31
List the prime factors of 4424.
2, 7, 79
List the prime factors of 3220.
2, 5, 7, 23
What are the prime factors of 25555?
5, 19, 269
What are the prime factors of 8463?
3, 7, 13, 31
List the prime factors of 8647.
8647
List the prime factors of 616.
2, 7, 11
List the prime factors of 6777.
3, 251
List the prime factors of 1869.
3, 7, 89
List the prime factors of 23665.
5, 4733
List the prime factors of 93766.
2, 173, 271
List the prime factors of 51049.
71, 719
What are the prime factors of 13510?
2, 5, 7, 193
List the prime factors of 144.
2, 3
List the prime factors of 6556.
2, 11, 149
List the prime factors of 1462.
2, 17, 43
What are the prime factors of 5299?
7, 757
What are the prime factors of 3205?
5, 641
List the prime factors of 96.
2, 3
List the prime factors of 37576.
2, 7, 11, 61
List the prime factors of 997.
997
List the prime factors of 162173.
11, 23, 641
What are the prime factors of 245?
5, 7
List the prime factors of 500.
2, 5
List the prime factors of 70864.
2, 43, 103
List the prime factors of 7393.
7393
What are the prime factors of 56?
2, 7
List the prime factors of 13873.
13873
List the prime factors of 1752.
2, 3, 73
What are the prime factors of 19356?
2, 3, 1613
What are the prime factors of 201?
3, 67
List the prime factors of 57951.
3, 47, 137
List the prime factors of 23897.
23, 1039
What are the prime factors of 42289?
13, 3253
What are the prime factors of 2110?
2, 5, 211
List the prime factors of 71457.
3, 23819
List the prime factors of 541.
541
List the prime factors of 4173.
3, 13, 107
List the prime factors of 16828.
2, 7, 601
What are the prime factors of 705?
3, 5, 47
What are the prime factors of 33256?
2, 4157
List the prime factors of 256.
2
What are the prime factors of 9218?
2, 11, 419
List the prime factors of 42.
2, 3, 7
List the prime factors of 14192.
2, 887
What a